 + 9*p**2 - 2*p - 14. Let d(q) = -5*c(q) - 3*v(q). List the prime factors of d(7).
2, 7
Suppose -3*b - 5 - 22 = 0. List the prime factors of 4/((2/b)/(-1)).
2, 3
Let c = -3 - -6. Suppose 0 = 5*i - 3*n - 13, c*i + n - 5 = 14. List the prime factors of i.
5
Suppose -b - y = -219, 3*b + y - 669 = 4*y. What are the prime factors of b?
13, 17
Suppose -2*x + 5*m - 5 = 0, 0 = -2*x - 3*m - 2*m - 55. Let j be 6*(-5)/(x/4). Let s = 12 - j. List the prime factors of s.
2
Suppose -552 = -4*l - 5*c - 136, c = 5*l - 491. List the prime factors of l.
3, 11
Suppose 2*r = 4*k + 16, 2*k + 10 = r + r. Suppose 4*o + 29 = -5*d, -d - o = -r*d - 4. Let i = 16 + d. What are the prime factors of i?
11
Suppose -15 = -3*s + 18. Suppose -4*v + s = 2*m - 29, -5*m + 133 = -v. List the prime factors of m.
2, 13
Let f = -4 + 7. Let g = f - -57. What are the prime factors of g/9 - (-2)/(-3)?
2, 3
Let r be 1 + -2 + 0 - -30. Let h = -12 + r. What are the prime factors of h?
17
Suppose -8 = 4*f - 3*i, -4*f + i - 5*i = 8. Let c = f + 7. List the prime factors of c.
5
Let w be 3/(-2) - (-9)/6. Suppose 2*q - v + 2*v - 23 = 0, w = 4*q + 5*v - 55. List the prime factors of q.
2, 5
Suppose -22 = -z - i + 17, 3*z = -2*i + 117. List the prime factors of z.
3, 13
Let r(i) = -i**2 + i + 2. Let k be r(0). What are the prime factors of (-1)/(-2)*(k + 44)?
23
Suppose -t - 3*f = -53, -5*f + 2*f = -12. List the prime factors of t.
41
What are the prime factors of (-90)/(-225) - 3236/(-10)?
2, 3
List the prime factors of (88/10)/(10/25).
2, 11
Let d = 64 + -36. What are the prime factors of d?
2, 7
Let m(f) = -6*f - 1 - 6*f + 3*f. Let i be m(1). What are the prime factors of 6 + 5/(i/(-4))?
2
Let p be ((-15)/12)/((-1)/4). Suppose -6 - 9 = -p*j. List the prime factors of j.
3
Suppose 23 = 3*m + 2. Suppose u - 2*u + m = 0. List the prime factors of u.
7
Let p(d) = 2*d. Suppose k + 2*i + 2 = -7, 3 = -k + i. Let u be p(k). Let c = u - -15. What are the prime factors of c?
5
Let d(y) = -y**3 - 10*y**2 - 15*y - 2. What are the prime factors of d(-11)?
2, 71
Let o = -3 - -7. Suppose o*x + 2 = 42. What are the prime factors of x?
2, 5
Let l = 210 - 141. What are the prime factors of l?
3, 23
Let b(r) = r**3 - 7*r**2 + 2*r - 4. Let x(l) = -4*l - 2. Let q be x(-2). Suppose 3*g = q*g - 21. List the prime factors of b(g).
2, 5
Let v(p) = p**2 - 7*p - 8. Let k be v(6). Suppose 5*d + 12 - 2 = 0. Let r = d - k. List the prime factors of r.
2, 3
Let u be 1*(3 + (-3)/1). List the prime factors of 11 - (u - 2 - 0).
13
Suppose -4*z + 7 = a, -5*a - 13 = -5*z - 2*a. Suppose -v = -z*v. Suppose 0*b + b - 2 = v. What are the prime factors of b?
2
Let w be 4*4*(-3)/(-8). Suppose 20 = 2*h + w. List the prime factors of h.
7
Let k = 43 - 13. List the prime factors of k.
2, 3, 5
Let l = 0 - -14. Suppose -l*d + 11 = -13*d. What are the prime factors of d?
11
Let n be (-8)/2 - (5 - 3). Let a(g) = g**3 + 7*g**2 + g + 13. List the prime factors of a(n).
43
Let s = 163 - 115. What are the prime factors of s?
2, 3
Suppose 4*w - 10 - 2 = 0. Let x(q) = q**2 - q + 17. Let o be x(0). Suppose -o = -w*j + 1. What are the prime factors of j?
2, 3
Suppose 0 = -3*z + 7 + 2. Suppose b + 5 = 2*n, z*n = -2*n - 2*b - 10. Suppose n*l + 40 = 5*l. What are the prime factors of l?
2
Let z = -373 - -653. What are the prime factors of z?
2, 5, 7
Let v be 3*7/((-42)/(-8)). Suppose -v*b + 48 = 4. What are the prime factors of b?
11
Let s(n) = 56*n**3 + 2*n**2. List the prime factors of s(1).
2, 29
Let l(j) = -j**3 - 7*j**2 - 8*j - 8. Let c be l(-6). Let v(b) = 2*b - 1 + 2*b**2 - 5*b**2 + c*b**2. What are the prime factors of v(2)?
7
Let c(l) = l**2 - l + 3. Let u be c(0). Let t be (-3)/6 + 230/4. Suppose 0 = 3*m - 0*m + u*w - 36, t = 5*m + 4*w. What are the prime factors of m?
3
Suppose 6 = 4*b - 2. What are the prime factors of 18/27*99/b?
3, 11
Let q = -12 + 130. List the prime factors of q.
2, 59
Let o be (28/(-6))/((-2)/(-6)). Let p be (-68)/3 + 2/3. Let d = o - p. List the prime factors of d.
2
Let i = -10 + 1. Let l = -4 - i. List the prime factors of l.
5
Let m(v) = v**3 - 19*v**2 + 8*v - 42. List the prime factors of m(19).
2, 5, 11
Let i(w) = w**2 + 6*w + 3. Let t be i(-5). Let q(x) = 2*x. Let f be q(t). Let k = 0 - f. List the prime factors of k.
2
Let b(s) = -2*s + 4. Let v be b(5). Let f = v - -11. Let z = -2 + f. What are the prime factors of z?
3
Let y(v) = v - 3. Let p(l) = 2*l - 4. Let q(d) = 5*p(d) - 7*y(d). What are the prime factors of q(2)?
7
Let y(m) = 2*m + 8. Let u be y(-7). Let x be (u/(-5))/(2/(-5)). Let z = x - -5. What are the prime factors of z?
2
Let s(x) = -3 - x**2 + 3*x + x - 8*x. Let p be s(-5). Let i(g) = -g**2 - 7*g + 10. List the prime factors of i(p).
2
Let c(l) = 5*l**2 - 1. Let b be c(-1). Let a(z) = -b + 4 - z. List the prime factors of a(-4).
2
Let r be 13/5 - 2/(-5). Suppose -3*t + 133 = 5*v + r, 0 = -5*v - 5*t + 130. What are the prime factors of v?
2, 13
Suppose -88 = -5*y + 4*v, 2*v - 38 = 3*y - 90. What are the prime factors of y?
2
Suppose 5*o - 324 - 351 = 0. What are the prime factors of o?
3, 5
Let b(j) = -16*j - 17. List the prime factors of b(-5).
3, 7
Suppose 34 = -5*k + 2*y - 3*y, -2*k + 4*y - 18 = 0. Let t = 11 + k. List the prime factors of 2/(-3*t/(-66)).
11
Let x = 8 - 11. Let t = -3 - x. Suppose 2*u = -t*u + 14. What are the prime factors of u?
7
Let m(o) = -4*o + o + 7 + 9*o**2 + 4*o - 5*o - o**3. What are the prime factors of m(8)?
3, 13
Let n be (-1 - 111/1)/(-1). Suppose 0 = -f - 3*j + 2*j + 33, -4*f + n = -j. Suppose 4*l + f = 5*g, -4*g + 0*l + 20 = -4*l. List the prime factors of g.
3
Let c(w) = -w - 5. Let m be c(-7). Suppose 3*l + 3*g + 2*g - 2 = 0, -m = -l - g. Suppose -l*f - 2*i = -i - 24, 2*f - 4*i = 12. What are the prime factors of f?
2, 3
Let j = -3 + 2. Let k = j + -2. Let z = 8 - k. List the prime factors of z.
11
Let t be -1 - ((-6)/2 + -3). Suppose -2*f - v = 15, -2*f = f + t*v + 26. Let y(z) = -3*z - 9. What are the prime factors of y(f)?
2, 3
Let j(n) = 11*n + 2. What are the prime factors of j(2)?
2, 3
Let o be (-3 - -17)*(-12)/(-14). What are the prime factors of ((-88)/o)/(2/(-3))?
11
Suppose -3*o + 6 = -0*o. Suppose m - o*m - 15 = 0. What are the prime factors of 70/6 + 10/m?
11
Let x = 8 + -8. Suppose 3*z - 15 = -x*z. What are the prime factors of z?
5
Suppose -1686 = -11*u + 404. What are the prime factors of u?
2, 5, 19
Suppose -4*z - 2*s + 355 = 75, -5*z = 2*s - 348. List the prime factors of z.
2, 17
Let q(x) = 8*x - 18. List the prime factors of q(6).
2, 3, 5
Let z be ((-6)/(-5))/((-3)/(-15)). Suppose -7 = 2*u + f - 3, 3*u + z = -3*f. Let a = u - -5. List the prime factors of a.
3
Let j(b) = b**2 + 5*b - 12. List the prime factors of j(-7).
2
Let m = 9 + -5. Suppose -6 + 50 = m*c. List the prime factors of c.
11
Let u = 504 - 269. What are the prime factors of u?
5, 47
Let z be (2 - 3)*-9 - 2. Let l = z + -7. Suppose 3 + l = 2*m - w, 15 = 5*w. List the prime factors of m.
3
Suppose m = -2*m + 90. List the prime factors of m.
2, 3, 5
Let b(g) = -4 + 7*g**2 + 3 + 3*g - 4*g. What are the prime factors of b(2)?
5
Suppose -3*r = -6 - 0. Suppose -r*t - 2*t + 24 = 0. List the prime factors of t.
2, 3
Suppose 2*a + 3*k - 12 = 0, k = a - 0*k - 16. Suppose 0 = 3*w + w - a. List the prime factors of w.
3
Let b(r) = 4*r**2 + 3*r + 7. What are the prime factors of b(-3)?
2, 17
Suppose k + 99 = 5*k + 5*w, -5*w - 87 = -2*k. What are the prime factors of k?
31
Suppose u - 79 = 2. What are the prime factors of u?
3
Let a(p) = -9*p - 20. What are the prime factors of a(-6)?
2, 17
Let b(a) = -a**2 - 6*a - 6. Suppose 0 = -y + 2*y + 4. Let w be b(y). Suppose 7*j - 22 = w*j - 4*k, -j - 2*k = -8. List the prime factors of j.
2
Let q = -1 - 1. Let z be 2/2 + q/1. What are the prime factors of (0 + z + -7)*-1?
2
Let t be (-30)/(-8) - 3/(-12). Suppose -t*z = -k + 5*k - 24, 10 = 5*z. List the prime factors of k.
2
Suppose 0 = -2*a + 3 + 7. Suppose 5*z + 20 = a*u - 5, -u - 5*z = 7. What are the prime factors of u?
3
Suppose 5*g - 60 = 15. List the prime factors of g.
3, 5
Let c(f) = -f**2 + 13*f - 1. Let z be c(9). List the prime factors of z + 1 - (-3 + 2).
37
Let t(g) be the second derivative of g**4/12 + 7*g**3/6 + g**2/2 - g. Let h be t(-8). Let p(d) = d**3 - 9*d**2 + 2*d - 13. L